x + 2. Determine k(o).
-18
Let w(a) = 2*a + 2. Let k(h) = -h**3 - 4*h**2 - 2*h + 7. Let j = -50 + 47. Let u be k(j). What is w(u)?
10
Let o(c) = -c**3 - c**2 + 1. Let t(x) = x**2 - 43*x + 253. Let d be t(7). Determine o(d).
-1
Let k(u) be the second derivative of u**4/12 - 5*u**3/3 + 2*u - 41. Give k(7).
-21
Let f(r) = r**3 - 2*r**2 - 5*r + 1. Suppose 48 - 200 = -38*a. Calculate f(a).
13
Let b be 1/(-2)*(-4 + 2). Let h(n) = -n - 3*n - b + 2 + 6*n. Calculate h(4).
9
Let p(a) = -a + 3. Let q(h) = 5*h - 17. Let g(w) = -2*p(w) - q(w). Give g(7).
-10
Suppose 0 = -4*v - 8 - 4. Let q(a) = 2*a - 9*a**2 + 22*a**2 - 2*a - 1 - 15*a**2. Give q(v).
-19
Suppose 325 = 5*f - 5*x, 4*x - 216 = 2*f - 5*f. Let w be -3 - -5 - f/(-2). Let s(v) = 3*v**2 - 2*v**2 + 3 + 39*v - w*v. Calculate s(-4).
7
Let b = 138 + -187. Let k = -53 - b. Let q(g) = -g**3 - 3*g**2 + 3*g - 2. Give q(k).
2
Suppose 5*a = -16*a - 84. Let i(n) = -7*n + 3. Determine i(a).
31
Let u(m) be the third derivative of m**5/5 - m**4/12 + 12*m**2 - 5. What is u(1)?
10
Suppose -1 - 1 = b - t, -5*t = -2*b - 19. Let u(x) = -x**2 + b*x + 4*x + 2 + 2. Calculate u(6).
10
Suppose 4*o + 2*r - 4 = 6, r = -1. Let g(c) = 3*c + c + 1 + 0*c + o*c. Calculate g(1).
8
Let p(a) = 2*a - 5. Let y be p(5). Let r(z) be the third derivative of -z**6/120 + z**5/10 - z**4/6 - z**2 + 856*z. Give r(y).
5
Let p(b) be the second derivative of b**5/20 - b**4/12 - b**3/3 + b. Let h be (-4 - 8)*(-2)/3. Suppose j = -3*j + h. Calculate p(j).
0
Let s(l) = 37*l - 4. Let a(v) = 4*v. Let f(k) = 18*a(k) - 2*s(k). Calculate f(7).
-6
Let b(l) be the second derivative of l**5/20 + l**4/3 - 5*l**3/6 + l**2 + 3*l - 75. What is b(-5)?
2
Let p(t) be the second derivative of t**3/6 + 2*t**2 + 44*t - 1. Give p(-4).
0
Let w = -25 + 25. Let k(r) = 4*r**2 - 3*r**2 + 5*r + w*r**2 + 7. Determine k(-5).
7
Let d = -19 + 19. Let u(p) = p + 10 + d*p + 12 - 20. Suppose y - 5 = -3*v, y + 5*v = 5 + 6. Calculate u(y).
-2
Let o(h) = 5*h - 26. Let t be o(7). Suppose -10*s - t = -29. Let v(y) = -3*y - 1. What is v(s)?
-7
Let v(w) = w**3 + 8*w**2 - w + 2. Let a(n) = 2*n**2 + 3*n**3 - 3*n + 3 + 2 + 23*n**2 + n**3. Let y(z) = -2*a(z) + 7*v(z). Determine y(6).
-2
Let z(y) = 42 - 11 + 2*y - 14 - 10. Calculate z(-5).
-3
Let t(x) = x**3 + 4*x**2 + 2*x + 4. Let j(r) = r**3 - 38*r**2 - 78*r - 86. Let z be j(40). What is t(z)?
-80
Let t be 253/46 - 2/(-4). Let w(s) = -s - 5. Let l be w(-7). Suppose -l*p - 4*p = t. Let u(z) = 2*z - 1. Determine u(p).
-3
Let k = 84 - 78. Let p(l) = -10*l + 1. Let r(w) = 11*w - 2. Let v(i) = -6*p(i) - 5*r(i). Let j(m) = 11*m + 8. Let a(u) = k*j(u) - 13*v(u). Calculate a(4).
0
Let f(h) = -h - 21. Let r(m) = -7. Let b(x) = 2*f(x) - 7*r(x). What is b(9)?
-11
Let s(y) be the first derivative of 5*y - 1/2*y**2 + 28. Give s(-6).
11
Let i(x) be the third derivative of -x**6/120 + x**5/10 + x**4/24 + x**3/6 - 4*x**2 - 10*x. What is i(6)?
7
Let b(x) = -x**2 + 12*x - 4. Let a be b(9). Suppose 3 - a = 4*h. Let s(o) = -o**2 - 5*o + 7. What is s(h)?
7
Let h be 1/(-2)*(-4)/2. Let x(v) = 3*v**2 - 15031*v - 2*v**2 - 23*v**3 + 15031*v. Calculate x(h).
-22
Let h(n) = 2*n - 1. Let g = 19 + -12. Let y = -10 + g. Calculate h(y).
-7
Let n(v) be the third derivative of -5/24*v**4 - 8*v**2 + 0*v + v**3 + 0. What is n(5)?
-19
Let w(b) = -10*b**2 - 2*b + 2. Let v = 394 - 396. Give w(v).
-34
Let c(k) = -3*k. Let d(n) be the third derivative of n**5/60 - n**4/8 - 3*n**3/2 - 14*n**2. Let y be d(5). Calculate c(y).
-3
Let j(v) be the third derivative of -v**6/120 + v**5/12 - v**4/6 + 5*v**3/6 - 79*v**2 - v. Suppose -4*q - 20 = -0*z - 4*z, -5*z + 4*q + 24 = 0. Calculate j(z).
5
Let z(f) be the first derivative of f**4/4 + 7*f**3/3 - 7*f**2/2 + 3*f - 145. What is z(-8)?
-5
Suppose -35 = 5*f + p, -3*f + 11*p - 21 = 13*p. Let w(j) = 2*j**2 + 12*j - 7. Determine w(f).
7
Let f(i) be the third derivative of i**4/8 + 2*i**3/3 - i**2. Suppose 3*u - 6*u - 9*u = 60. Give f(u).
-11
Let p(f) be the first derivative of -f**4/4 - 4*f**3/3 - f**2 - f - 13. Determine p(-3).
-4
Let w(y) = -6*y**2 + 1. Let c(k) = k**2. Let t(h) = -5*c(h) - w(h). Determine t(1).
0
Let j be 1/14*-2 - 335/(-2100). Let w(f) be the third derivative of 0*f + j*f**5 - 1/2*f**3 - 1/12*f**4 + 0 - 7*f**2. Calculate w(-2).
5
Let x(p) = -2*p**2 + p - 4. Let y(j) = 4*j**2 - 3*j + 9. Let u(g) = 5*x(g) + 2*y(g). Let h be (-1)/((-1)/(-2 + -4 - -4)). Give u(h).
-8
Let x(r) = -r**2 + 7*r - 10. Suppose -8*q - q + 36 = 0. Determine x(q).
2
Let z(s) = -8*s + 0*s**2 + 9 - 2 - s**2. Suppose -13*l - 12*l = 225. Determine z(l).
-2
Let g(k) be the first derivative of -3*k + 3*k**2 + 1/3*k**3 - 4. Give g(-5).
-8
Let p(q) = q - 4. Let j(i) = i**2 + 5*i + 9. Let g(y) = y**3 - 4*y**2 - 4*y - 7. Let d be g(5). Let m be j(d). Calculate p(m).
-1
Suppose -23 - 1 = -3*w. Suppose -c + 2*c = -w. Let h be (-12)/c*(-24)/9. Let q(z) = -z**3 - 3*z**2 + z - 5. Determine q(h).
7
Let z(r) be the third derivative of -7/24*r**4 + 0*r + 1/2*r**3 - 15*r**2 + 1/60*r**5 + 0. What is z(6)?
-3
Let r(s) = -2344*s - 3 + 2343*s + 5. Calculate r(-6).
8
Suppose -37*z + 34*z + 90 = 0. Suppose -z = -6*h - 6. Let x(p) = p**3 - 3 - 3*p**2 + 3 - 4 - 3*p. Determine x(h).
0
Let t(a) = 17*a**2 + a + 18*a**2 - 29*a**2 - a**3. Suppose 3*r - 24 + 6 = 0. Give t(r).
6
Let p(l) be the third derivative of l**6/120 - l**5/30 + l**4/12 + l**3/2 - 365*l**2. What is p(3)?
18
Let j(d) = 4*d**3 - 3*d**3 + 5*d**2 - 2 - 1 + 4*d - 3. Let t be j(-4). Let w(r) = -2*r - 9. Give w(t).
3
Let p(j) = 27*j**3 - 4*j - 3. Let c(n) = -n**3 + n + 1. Let r(f) = 4*c(f) + p(f). Give r(1).
24
Let o(y) = -13 - 2*y + 0*y - 8 + 0*y. Give o(-9).
-3
Let o(b) = -b**3 - 3*b**2 + 2*b - 2. Suppose q = -g - 10 + 11, -4*q + 24 = -g. Give o(g).
6
Let v(u) be the first derivative of -u**3 + 29*u**2/2 - 18*u - 685. Calculate v(9).
0
Suppose -2*w + 58 = 2*o, 3*w + o = -0*o + 77. Let q = w - 15. Suppose -4*x + 30 = -q*x. Let t(v) = v**3 + 5*v**2 - 8*v - 8. What is t(x)?
4
Let w(f) be the third derivative of f**5/60 - 13*f**4/24 + 5*f**3/2 - 8*f**2 - 8. What is w(10)?
-15
Suppose 4*j = -j - 2*l + 52, 2*j - 2*l - 32 = 0. Suppose 4*m - g - g = j, g = -3*m + 14. Let w(f) = -2*f - 1. What is w(m)?
-9
Let x(l) = -l**2 + 7*l - 6. Let c(q) = q**2 - 41*q - 37. Let b be c(42). Determine x(b).
4
Let j(u) = -3*u + 3. Let b be j(2). Let c be 0 - 1*12/b. Let r be c/16 - (-51)/(-12). Let v(m) = 3*m + 6. Calculate v(r).
-6
Let d(r) = 2*r + 2. Let u(o) = 10*o + 2. Let b be u(4). Let l = b - 47. Calculate d(l).
-8
Let a(z) = z**2 + 2*z - 5. Let u(n) = -n**2 - 3*n + 4. Let j(x) = 3*a(x) + 2*u(x). Let o be j(3). Let q(y) = -y**2 - 1 + 5*y**2 - 3*y**o. Calculate q(-1).
0
Let p(n) = 4*n**3 - n. Let z = 249 + -248. Calculate p(z).
3
Let o(p) = 2*p + 5. Let z(v) = 5*v - 31. Suppose -45 = -4*m - 17. Let w be z(m). Give o(w).
13
Let d(b) = -b**3 + 9*b**2 + 6*b + 5. Let c(m) = m**3 - m**2 - 1. Let p(a) = 2*c(a) + d(a). Suppose 0 = 2*n - 6*n + 32. Suppose -n*y + 6*y - 12 = 0. Give p(y).
3
Let j be ((-30)/4)/5*-2. Suppose 6 - 15 = j*q. Let k(d) = 0*d**2 - d**3 - d + 3*d - 3*d**2 + 2. What is k(q)?
-4
Let h be (-2*12/16)/(3/(-14)). Let x(u) = -u**2 - u. Let s(l) = l**2 + 6*l - 3. Let j(m) = -s(m) - 2*x(m). Determine j(h).
24
Suppose 14*z - 56 = 21*z. Let l(a) = 4*a + 11. Give l(z).
-21
Let n(p) = 10*p + 39. Suppose -45*b + 48 = -57*b. Give n(b).
-1
Let k(r) be the third derivative of r**6/120 + r**5/60 - r**4/12 + r**3/2 - r**2. Let h be (-520)/(-247) + (-14)/133. What is k(h)?
11
Let r(l) be the first derivative of 17*l**2/2 - l + 226. Give r(2).
33
Let u(s) = -3*s + 54. Let f(r) = r - 27. Let w(n) = 5*f(n) + 2*u(n). Calculate w(-23).
-4
Suppose 8*g - 68 - 84 = 0. Let o(j) = -j + 21. Determine o(g).
2
Let z(d) = d - 1. Let k be (2 - -1)/(2/(-6)). Let m = k + 7. Let p be (4/(-12))/(m/6). Give z(p).
0
Let m(v) = -4*v**2 + 2*v - 1. Suppose 3*h = -5*t - h + 233, 89 = 2*t + 3*h. Suppose t*y - 48*y - 1 = 0. What is m(y)?
-3
Let w(g) = g**2 - 4*g + 14. Let u(l) = -l**2 + 3*l - 15. Let f(o) = -3*u(o) - 4*w(o). What is f(5)?
-1
Suppose -22 + 7 = 3*p. Let r(i) = -6*i + 2. Let g(b) = -13*b + 5. Let f(q) = p*r(q) + 2*g(q). Let o = 7 - 6. What is f(o)?
4
Let m = 4 - 2. Let g(s) = 134*s**2 - 11. Let q(o) = 84*o**2 - 7. Let d(z) = 5*g(z) - 8*q(z). Give d(m)